False
Let g be (-20)/5*10/(-8). Suppose 0 = -5*h - 10 - g. Is -4*h/6 - -147 a composite number?
False
Let t(s) = 5 - s - 4 + 2*s**2 + 2 - 5*s. Is t(4) a prime number?
True
Let h = 2 - -3. Let x = h - -32. Is x composite?
False
Let x(l) = 2 - 2*l - 1 + 35*l. Let r = -1 - -2. Is x(r) a prime number?
False
Let f(l) = 2*l + 9. Let p be f(-6). Let q be (p/(-2))/((-9)/(-12)). Is (q - 5 - -6) + 48 a prime number?
False
Let f be (0 + 2 - 3)*-3. Is (-1528)/(-3) - f/9 composite?
False
Let p = 31827 + -20714. Is p prime?
True
Let u(d) = 4*d**2 - d - 1. Let j be u(2). Suppose -18 = -7*s + 2*s - 2*r, j = 4*s + 3*r. Suppose 3*n - 89 = s*f, 4*n + 0*f = -f + 87. Is n prime?
True
Is (475/5)/(1/1) prime?
False
Let r = 400 - 213. Suppose 5*k + 528 = k. Let m = k + r. Is m composite?
True
Suppose -8*c - 177 = -11*c. Is c prime?
True
Let m(y) = -6*y - 28*y - 3*y. Let r be m(3). Let k = 16 - r. Is k a prime number?
True
Let q(n) = -n**3 - 7*n**2 + 8*n + 13. Is q(-9) a composite number?
False
Let s = -11 + 7. Is s - 4/((-8)/186) a prime number?
True
Let b = -269 + 601. Let a = 466 - b. Let p = a - 81. Is p a prime number?
True
Suppose 55*p - 61*p + 15018 = 0. Is p a prime number?
True
Suppose 4*t = 3*v + 5*t, 0 = -2*v - 4*t. Suppose v*b + 268 = 4*b. Is b a composite number?
False
Let f = 10 + -5. Let d = -187 - -314. Suppose d + 99 = 3*t + f*z, -5*t + 2*z = -387. Is t prime?
False
Is ((-207)/(-9))/((-2)/(-74)) prime?
False
Let s = -123 - -502. Is s composite?
False
Let d(o) = 192*o**2 + 4*o + 3. Is d(-1) prime?
True
Let v(l) = -l**2 - 5*l + 2. Let y(c) = c. Let u(h) = v(h) + 5*y(h). Let m be u(2). Is 30 + 1 + 2 + m a prime number?
True
Suppose 0 = -2*p + 5*p - 1158. Let w = 733 - p. Is w prime?
True
Let r be (-1 - 0)*1*-2. Suppose -r*t + 72 = -0*t - 5*n, -3*n - 12 = 0. Suppose -t - 19 = -3*o. Is o a composite number?
True
Let p = -9 + 13. Let b be ((-3)/p)/(2/(-8)). Suppose -b*i - 19 = -z, -i - 117 = -5*z + 3*i. Is z a prime number?
False
Let s(j) = j**3 - 8*j**2 + 9*j + 5. Is s(13) a composite number?
False
Let z(i) = 3*i - 5. Let t be z(-5). Let u be ((-4)/(-10))/((-2)/t). Suppose -u*s - b + 41 = 0, 5*s + 4*b - 55 = -b. Is s a composite number?
True
Suppose -2*w - c - 589 = -4*w, 1474 = 5*w - 3*c. Suppose -4*m = -w - 55. Is m prime?
False
Let n(f) = 4*f**3 + 4*f**2 - f - 3. Let k(g) = -2*g**3 - 2*g**2 + 2. Let o(u) = 5*k(u) + 3*n(u). Suppose -5 - 3 = -4*t. Is o(t) a prime number?
True
Suppose -4*g - 298 = -3*h, -h + 514 = 4*h + 2*g. Suppose w = 4*w - 3*l - h, w - 2*l - 35 = 0. Is w prime?
False
Suppose -900 = -7*v + 6177. Is v a prime number?
False
Suppose 356 = 5*o + 61. Is (-8 - o)/(0 + -1) a composite number?
False
Let h = -548 - -802. Suppose z = -z + h. Is z prime?
True
Suppose 3*r = -4*n - 16, -2*r + 7*r = 5*n + 20. Suppose r = 12*c - 7*c - 1005. Is c a composite number?
True
Suppose -3*o + 205 + 224 = 0. Is o a composite number?
True
Let y be (3/(-2))/((-15)/(-20)). Is ((-71)/y)/((-12)/(-24)) composite?
False
Let f(v) = -v**3 - 9*v**2 + 10*v. Let j be f(-10). Suppose j = u - 6*u - 15. Let z = 10 + u. Is z a composite number?
False
Let n(x) be the first derivative of -x**4/4 - 7*x**3/3 - 4*x**2 + 3*x + 5. Is n(-7) a composite number?
False
Suppose -2*m = -4*b + 716, 3*m + 341 = 2*b - 25. Is b prime?
False
Suppose 0 = 2*l + 7 - 33. Is l prime?
True
Suppose -4*a = 2*f - 12, 5*f = 2*a + 2*f - 14. Suppose 3*c = a*i + 1469, 4*c + 5*i = 7*c - 1471. Is c a prime number?
True
Let a(n) = n**3 + n + 143. Is a(0) prime?
False
Let i = 2 - 2. Suppose i = a - 2*a - 4*s + 6, 3*s = 4*a - 5. Suppose 27 = a*o - 43. Is o a prime number?
False
Suppose -2*h = -6 - 2. Suppose h*y - 2*y - 258 = 0. Is y prime?
False
Let a(m) = -3*m**3 - 2*m**2 + 6*m - 6. Let k(v) = -v**2 + 2*v + 3. Let r be k(-2). Is a(r) a composite number?
True
Let r(n) = -392*n**3 - n + 1. Let w be r(1). Is w/(-3) + 6/18 composite?
False
Let o = 6 - 4. Let u(h) = 2*h**o + h + 3*h**3 - 8*h**2 + 1 + 3*h**2. Is u(4) a prime number?
True
Let o(r) = 2*r + 971. Suppose 10 = 5*w, -t + 6*t + 5*w = 10. Is o(t) composite?
False
Let p be 6/(-15) + 507/5. Suppose z = 4*u - 150, -3*u - 5*z + p = -0*u. Suppose -u = -d + 18. Is d a composite number?
True
Let g(b) = b**3 - 2*b**2 - 2*b. Let p be g(3). Suppose 2*r = 3*r - 22. Suppose -r = -p*v + 8. Is v a prime number?
False
Let z(j) = 55*j**2 + 2*j + 2. Let f be ((-2)/(-8))/(5/60). Is z(f) composite?
False
Suppose x - 3*c = 1226, -3*x + 0*c + 3643 = -2*c. Is x prime?
False
Let d(b) = -302*b**3 + b**2. Let n(q) = -q - 6. Let v be n(-5). Is d(v) a prime number?
False
Let b be (-2)/4*-1*6. Suppose 17 = b*i - 1. Suppose -s + 17 = i. Is s a composite number?
False
Let m(s) = 2*s - 6. Let k be m(5). Suppose 2*n = 6*n - k. Is 23*n + 12/(-6) composite?
True
Suppose 5*m - 2*x = 1047, m + 45 - 252 = -2*x. Is m prime?
False
Let w(d) = d**2 - 6*d - 7. Let y be w(7). Suppose y*h = h. Suppose 2*g - 36 - 10 = h. Is g a prime number?
True
Is 3570/45 - (-2)/(-6) prime?
True
Let r = -11 + 15. Let k(c) = c + 7 + r*c + 0*c - c**3 + 6*c**2. Is k(6) composite?
False
Suppose -78 = -2*b - 2*f, 0 = -3*b - f + 5*f + 145. Is b a composite number?
False
Let c be 99 - 9/3*1. Let n = c + -27. Is n a composite number?
True
Suppose 3*d - 637 = -l, d + 67 = -2*l + 286. Is d prime?
True
Suppose -143 = 2*i - 499. Is i composite?
True
Let j = 4 + 0. Suppose -j*a + 62 = -2*a. Is a a prime number?
True
Let n(p) = p. Let k be n(2). Suppose k*l - 50 = 2042. Suppose -l + 112 = -2*t. Is t composite?
False
Suppose 0 = -4*d + 1342 + 30. Let i = d + -184. Is i composite?
True
Let k be (5 + -6)/(-1*1). Is (3/k)/(-3) - -120 a composite number?
True
Let y(u) = u**3 + 8*u**2 + 3*u + 4. Let x be y(-6). Let p be 1/3 - x/3. Is (-1*2)/(-1) - p a prime number?
False
Let g(x) = -x**3 - 3*x**2 - 2*x - 4. Let z be g(-3). Suppose -z*v = -0*v - 4. Is v a composite number?
False
Let t = 6 + -3. Suppose 59 = t*c - 106. Is c prime?
False
Let x(l) = -l**3 + 5*l**2 + 4*l + 5. Suppose -s + 4 + 8 = 0. Let y be (-3)/(((-27)/s)/3). Is x(y) composite?
False
Let s(k) = k**3 - 11*k**2 + 2. Let g be s(11). Suppose 3*b + 69 = j, -2*j + 171 = 3*b + g*b. Suppose 2*z - 76 = j. Is z composite?
True
Let v = 5 + -7. Let z be 4/8*0/v. Is 0 + 34 + (1 - z) composite?
True
Let t = -1693 + 2612. Is t composite?
False
Suppose 2*p = p + 395. Is p a composite number?
True
Suppose 6*j = 5*j. Suppose -4*w = 3*h - 173, -4*h = 5*w - 2*w - 240. Suppose j = 2*p - h - 107. Is p composite?
True
Is 88 - 6*(-2)/4 a prime number?
False
Let l be (0 + 0)*3/(-6). Is (l - 2)/((-2)/203) a prime number?
False
Suppose 314 = -0*t + 2*t. Is t a composite number?
False
Is -3*4/(-12)*(420 + -1) prime?
True
Let m(l) = 3*l**3 - l**2. Let r be m(1). Suppose -18 = -r*u + 2. Is u composite?
True
Suppose -5*r - 8 - 7 = 0. Let p = r - -24. Is p a prime number?
False
Suppose 10 = 5*r, 2*r = u - 582 - 795. Is u a composite number?
False
Let y(l) = l**2 - 2*l + 3. Let v(r) = 4*r**3 - 2*r**2 + 1. Let k be v(1). Let a be y(k). Let t = a - -1. Is t a prime number?
True
Suppose 0 = -3*n - 2183 + 656. Let f = -272 - n. Is f a composite number?
True
Let x(y) = 10*y**3 - y. Let d be x(1). Let r = d - -14. Is r prime?
True
Suppose 19 - 239 = c. Let a = -107 - c. Is a a composite number?
False
Let h = -3 - -6. Suppose f - 5 = -4*j + 4, j - 12 = h*f. Suppose -j*d = -80 - 97. Is d a composite number?
False
Let j = 801 + -428. Is j composite?
False
Let v be -3 + 3 + 7 - 3. Let d be (-6)/v*2/(-3). Is (4 - 2) + d + 1 a prime number?
False
Is ((-6)/(-8))/(9/57)*44 a prime number?
False
Let t(r) = -r**3 + 4*r**2 - 4*r + 3. Let n = 9 + -7. Let g be t(n). Suppose 3*m + 4*a = 561, 0 = -m - g*a - 2*a + 176. Is m a composite number?
False
Suppose -5*j = -3*w - 37, 5*j = -5*w - 2 + 7. Suppose i - 21 = -5*z, j = -2*z - 5. Let f = i - 27. Is f a composite number?
False
Let i(t) = 132*t + 19. Is i(5) prime?
False
Let p = 283 + -164. Is p a prime number?
False
Let q(s) = s + 3. Let r be q(-7). Is (-324)/(-15) + r/(-10) prime?
False
Let m = -584 + 871. Is m a composite number?
True
Let p(w) = 2 - 12 + 90*w + 1 - 10. Is p(9) a composite number?
True
Suppose -1053 = 9*k - 3960. Is k composite?
True
Let k(v) = v + 77. Let g be k(0). Let x = 112 - g. Is x a prime number?
False
Suppose 3*v - 21 = -2*c, 3*c - 5*v = -3*v +